.
3
Evaluate 17 - (-10 + 4 + 7 + 6).
10
Calculate -11 - (4 - 9) - (-6 - 3).
3
-17 + 42 + -15 - 5
5
What is 44 + -61 - -19 - ((-2 - -1) + 8)?
-5
What is (226 - 264) + (0 - (-8 - 2))?
-28
What is the value of (6 - (1 - -3) - (-4 - -2)) + 8?
12
Calculate (16 - -20 - 26) + 17 + -2.
25
Evaluate -6 + 6 + -2 + (0 - 2) + 1.
-3
Calculate 1 + 3 - 1 - (-1 + (11 - -15)).
-22
What is the value of 22 + 6 + (-7 - 4 - 0)?
17
What is the value of 20 - (-9 - -22) - (-1 - (-28 - 2))?
-22
What is 81 - 73 - (1 + 24 + -3)?
-14
What is the value of 4 + 18 + 5 + 2 - (19 + -30)?
40
What is the value of -13 + -14 + 66 + -30?
9
What is 2 + -2 + (-90 - -110) - 4?
16
What is the value of 19 - (1 - 5) - 36 - (0 + 3)?
-16
What is 218 - 233 - (4 - 2)?
-17
Evaluate (1 - 1) + 4 - (-3 - (-6 - -10)).
11
Calculate 14 + 3 + -22 - ((-9 - 2) + -3).
9
-9 + -28 + 18 + 1 + 7
-11
What is the value of 9 - (0 - (-4 - (14 + 10)))?
-19
What is 7 - ((-12 - -8 - 7) + 4)?
14
Evaluate 4 + (2 - -1) + -12.
-5
27 - (-13 - -12 - -17)
11
What is the value of (1 + -14 - (-16 + 11) - -3) + 1?
-4
Calculate (1 - (-1 + -20) - 3) + (3 - -1).
23
What is the value of (-34 + 31 - -5) + 4?
6
What is -12 - (11 + -1 + -4 + (-6 - 3))?
-9
31 + (-2 - 17) + (-2 - (-1 - 0))
11
What is the value of 2 + 0 + (6 + 1 - 4)?
5
Evaluate 0 - -2 - (50 - 49 - (-3 - 0)).
-2
Calculate -7 + 6 + -20 + 30.
9
What is the value of -5 + 1 + (-1755 - -1742)?
-17
What is the value of -8 + 8 + -35 + 21?
-14
58 - -12 - (-32 + 67)
35
15 - ((-2 - 2) + 2 + 6)
11
What is the value of 7 + (6 - -9 - 5) + -21?
-4
Calculate -14 + -4 - -18 - (-2 - (1 + 0)).
3
Evaluate (1 - 6) + (9 + 6 - 21).
-11
What is 31 + -49 + 13 - -35?
30
What is the value of 13 - 1 - (15 + (-3 - (3 + 1)))?
4
(323 - 328) + (-1 - 1) + (-3 - -1)
-9
Calculate 0 - 0 - (-1 + -30 + 33).
-2
What is the value of 0 + 2 - (18 - (-21 + 39))?
2
Evaluate (-1172 - -1189) + 22 + -1.
38
What is -15 + (-3 - -26) + (7 - 22)?
-7
6 - (0 + -2 + -6)
14
4 - (0 - 1 - (11 + -2 + -8))
6
What is the value of -9 - (-31 + (9 - (-7 + 11)) + 10)?
7
What is -20 + (15 - 10) - 5?
-20
What is the value of (-6 + (4 - 5) - -6) + 2 + -6?
-5
1 - -28 - (-56 - -5 - -57)
23
Calculate (-14 - (3 - 24)) + (-2 - 1 - 3).
1
What is -7 + -12 + 10 + -15?
-24
7 - ((-18 - -5) + 10)
10
(4 - (15 - 4) - (-17 + 12)) + -12
-14
What is -61 + 33 + 14 + 3?
-11
What is the value of 14 - (7 - (4 + -3))?
8
Evaluate -17 + (-5 - -12) + -1.
-11
Evaluate -2 + (-13 - -4) + -26 - -13.
-24
What is the value of -9 + (17 - (-15 - -45))?
-22
Evaluate 54 - (0 - 12 - (2 - 30)).
38
6 + 9 + 15 + -22
8
What is -10 + (-9 - (14 + (-72 - -16)))?
23
What is (-5 - (6 - 9) - 4) + -3 + -1?
-10
What is the value of -19 - (-7 + (-6 - 0))?
-6
(-67 - -82) + (-17 - -2)
0
Calculate -20 + (-1 - (-4 + -1)) - (-58 - -54).
-12
Calculate -3 + 13 + -1 - (-24 - (15 + -61)).
-13
What is the value of -3 + 11 + -4 - (-2 + -8)?
14
-6 + 16 - (-45 - -79)
-24
Evaluate -32 - (17 + -16) - -5.
-28
Evaluate (13 - 19) + 11 - (-2 + -3 + 5).
5
Evaluate (4 - -10) + 13 - (-6 - 0) - 10.
23
What is the value of -1 + -1 + -4 + -3 + 4 + 3?
-2
What is the value of 0 - 5 - (6 + -22 - (-1 - -7))?
17
What is the value of (29 - 1) + -43 - -40?
25
Calculate (2 - 6) + -20 - (-141 - -138).
-21
What is 37 + -38 - (6 - -3)?
-10
-1 - (2 + -2) - (28 - 20)
-9
-1 + 3 + -3 - ((-9 - 9) + 7)
10
Calculate 1 - (10 + 6) - (-1 + -5 + -2).
-7
What is (-4 - 14) + -4 + 0 + 11?
-11
What is the value of (-1931 - -1905) + (-2 - -1) + -1 + 4?
-24
Calculate 13 + -1 - (116 - 92).
-12
13 - (7 - (-10 + 5 + 7))
8
Evaluate 17 + (5 - 7 - 3) + (7 - 0).
19
What is -9 + (26 - 4) + (3 - 8 - 0)?
8
Evaluate (3 - (-1 + -7)) + -57 + 62.
16
What is the value of -4 + -10 + -6 + 10?
-10
Calculate -9 + 26 + -8 + (10 - 7).
12
(-10 - (30 + -45)) + (1 - (0 + -12))
18
Evaluate (-6 - (-10 + -18)) + 1.
23
Evaluate 22 - (7 + 1) - (9 - 3).
8
Evaluate -1 + 6 - -10 - (-13 + 44).
-16
2 + 1 + (32 - 31) - 1
3
Evaluate -6 + 4 - -12 - (-12 + 14 + -3).
11
(-2 - -6 - (32 - (16 + -9))) + 4
-17
Calculate -32 + 14 + 5 + 7.
-6
Calculate -8 + (-10 + 13 + -3 - -10) - 5.
-3
What is -9 - (-26 + -5 + 7) - 10?
5
What is 79 + -77 - ((-3 - -12) + -1)?
-6
What is 9 + 37 + -25 + (-9 - -1)?
13
What is the value of (11 - (13 - (2 + 7))) + -9?
-2
Calculate (-12 - -26) + -17 + (-2 - 1).
-6
What is 1 + -7 + 9 + -3 - -24?
24
-388 + 395 - (2 - 1)
6
Evaluate 2 - ((-241 - -261) + (-40 - -1)).
21
What is the value of -10 - (9 + (-13 - 16))?
10
What is (0 - (0 + 4)) + -4 - (2 + 1)?
-11
11 - (0 + (29 - 4))
-14
Calculate -6 + (-29 - -17) - (0 - 10).
-8
What is -19 - (18 + -27 - -1)?
-11
Evaluate 9 + (-2 - 3) - 8 - 5.
-9
-8 + (17 - (-18 - -10))
17
Calculate -11 + (6 - -26) - 21.
0
Evaluate 5 - (-37 + 33 + 5).
4
Evaluate (-9 - -2) + 5 + -8 + 10.
0
16 - (-10 + 16 + 20)
-10
What is the value of -14 + (1 - 4) + 21 + -12 + -14?
-22
What is the value of -7 - (11 + 2 + -8) - 10?
-22
What is the value of 1 - ((8 - 18) + -1 + -12)?
24
9 + (7 - 3 - (16 - 7))
4
What is (-33 - -14) + 9 + (-2 - -18)?
6
What is the value of 21 + (1 - (1 + 1)) + 1132 + -1136?
16
Calculate (-11 - 1) + (25 - (29 + -6)).
-10
What is the value of 13 + 10 + -16 + (2 - 0 - 4)?
5
Calculate -5 - (1 - -17) - ((0 - 6) + 1).
-18
What is (-4 - -15) + -7 + (6 - 12)?
-2
1 - (14 - 14 - 9)
10
Evaluate (-2 - 3) + (-7 - (5 + -9) - -3).
-5
(37 + -24 - 16) + -15
-18
Calculate 2 + 2 + -8 + (8 - (-9 - -20)).
-7
Calculate 1 + 2 - (-1 + (4 - 3) - 3).
6
-6 + -1 + (-2 - (6 - 2 - 15))
2
-408 + 379 + (19 - -1)
-9
8 - (1 - (4 - 13))
-2
What is the value of (-1259 - -1259) + (0 + -2 - -9)?
7
Evaluate (20 - 0) + 11 + -27.
4
What is 12 + (-4 + 1 - 16) + 15?
8
Evaluate 13 + -15 - 21 - -15.
-8
Calculate -16 - ((18 - 52) + 17).
1
Calculate (-6 - -2) + -13 - (-3 - -11 - 8).
-17
Evaluate -25 + (-31 - -81) + -27.
-2
Calculate -1 - -14 - (-18 - (13 + -48)).
-4
Evaluate 1 - -20 - (-51 + 42 - (2 + -17)).
15
3 + 0 - (-79 + 87 - (0 + 0))
-5
-1 + (-1 - 0) + (-25 + 34 - 12)
-5
Calculate (11 - 24) + -3 - -26.
10
What is -3 + -22 + 2 + 35?
12
Evaluate -18 + (14 + 15 - 15).
-4
15 + 3 - (-5 + 6 + 9)
8
(-3 - 10) + (17 - (2 + 16))
-14
Evaluate -2 + 0 + -5 + 51 + -61.
-17
Calculate -11 - -7 - -6 - -28.
30
-8 - ((22 - 26) + 3 + -16)
9
What is the value of 26 + (3 - (-11 - -32))?
8
What is -29 + 46 - 11 - (27 - 1)?
-20
What is -14 + (8 - (0 + 17)) + 13?
-10
Calculate -14 + (-4 - (9 + (-1 - (-4 - -9)))).
-21
What is the value of -1 + (-12 - -14) - -8 - 9?
0
What is 93 + -138 - (-23 + 0)?
-22
-3 + (-8 - -19) + -16
-8
What is the value of -1 + -3 - (-11 + 23 + -26)?
10
What is (21 + -29 - (-13 + 0)) + -10?
-5
-48 + -5 - (-61 - -34)
-26
Calculate -3 - (-9 - 0) - 7 - -5 - -5.
9
-1 - 0 - (-21 + (22 - 20))
18
What is (-1 - -20) + -28 + (2 - (-27 - 2))?
22
What is -3 - (5 - 13) - (-2 - (1 + 2))?
10
Evaluate 10 + 10 + -16 - -6 - (1 + -20).
29
Evaluate (7 - (-1 - -7) - 4) + 0 - -4.
1
7 - (20 + (-7 - (8 - 8)) + 6)
-12
What is (-1 - 1) + -3 + (4 - 7)?
-8
What is the value of -20 - -33 - 8 - (-16 + 1)?
20
What is the value of -18 - (13 + -19 + (-1 - 4))?
-7
(77 - 58) + -12 + -1
6
What is the value of 1 + (-8 - (-4 - -5) - 3)?
-11
What is the value of -1 + 7 + (-14 + -5 - 17)?
-30
Calculate (2 + 0 - -28) + -204 + 192.
18
Calculate 40 + -26 - 2 - (15 + 3).
-6
What is the value of (-26 - -22 - 2 - (-1 - 6)) + -1?
0
What is (-4 - -3) + -7 - (2 + (5 - 11))?
-4
What is the value of 0 + (1 - (-15 - -26))?
-10
Evaluate -4 - (37 - (19 - -45)).
23
What is -12 - -3 - (11 + -8 - (6 - -8))?
2
Evaluate (16 - -8 - 12) + -6 + 2.
8
(13 - 5) + -5 - (2 + 2) - -2
1
What is 3 + 3 + (9 - (-8 - (3 - 2)))?
24
Calculate -12 - (-9 - (4 + 10)).
11
What is the value of (1 - (0 + 8) - (-801 + 791)) + -5?
-2
What is 11 - (-1 + 6 + -6)?
12
What is (1 - (-4 - -2 - (-16 + 19))) + 1?
7
Calculate (32 - (19 - 42)) + -29.
26
Calculate (18 - 27) + 13 + -23.
-19
Calculate 12 - (36 + -22) - (0 + 10).
-12
3 - 50 - (342 + -358)
-31
Calculate 3 - (-7 - (-6 - 17 - -6)).
-7
Evaluate 34 - 37 - -6 - (0 - 1 - 3).
7
What is the value of 22 + -14 + -13 - -5?
0
Evaluate 1 + 32 - (449 - 415).
-1
Calculate -32 + 17 + -10 + 17.
-8
What is the value of 8 + 6 + (-37 + 1 - (-98 - -101))?
-25
Evaluate 21 + (-30 - -11) - 23.
-21
What is the value of 0 + (8 - 1) - (-1140 - -1151)?
-4
12 - (5 + 0 + 0)
7
Calculate -8 + -11 + (24 + -8 